n - 4*o. Let m = -5 + n. Suppose -5*v = 5*r, -2 = -4*r - m. What are the prime factors of v?
5
Let i(r) = -r**2 - 8*r. Let q(b) = -5*b**2 + b - 1. Let s be q(1). What are the prime factors of i(s)?
3, 5
Let w = -8 - -4. Let o(h) = -2*h + 3. List the prime factors of o(w).
11
Let q be (-168)/(-10) - (-4)/20. Suppose -2*r + q - 7 = 0. Suppose -m + 1 = 4*l, 4*m - 51 = -r*l - 14. What are the prime factors of m?
13
Let x(l) be the first derivative of l**2/2 + l + 1. Let m(v) = 6*v - 7. Let u(y) = -m(y) + 5*x(y). What are the prime factors of u(0)?
2, 3
Let x = -14 - 4. What are the prime factors of (6/x)/((-1)/21)?
7
Let y be (-1 + -1)/(-3 + 1). Suppose 0 = 5*p + c - 20, 5*p - 4 - y = 2*c. List the prime factors of p.
3
Let u(o) = -o - 1. Let i(m) = m**2 - 2*m - 1. Let l(r) = -i(r) - u(r). List the prime factors of l(2).
2
Suppose 0 = f + 4 - 12. Suppose -p + f + 10 = 0. Suppose -5*r = 4*u + 5 - p, -5*u + 15 = 5*r. What are the prime factors of u?
2
What are the prime factors of ((-45)/4)/((-18)/48)?
2, 3, 5
Suppose -3*h = -2*h + 1. Let j(x) = -12*x**2 + 4. Let q(o) = 12*o**2 - 5. Let f(s) = -4*j(s) - 3*q(s). List the prime factors of f(h).
11
Let j = -3 + 1. Let l be -2*(j - (-2 - -2)). Let b(i) = i**3 - 4*i**2 + 3*i - 4. What are the prime factors of b(l)?
2
Suppose 5*p - 16 = 3*p. Suppose -3*l + 2*f + 15 = 0, 2*l - 25 = -f - p. List the prime factors of l.
7
Let c(l) be the third derivative of 2*l**5/15 + l**4/12 + l**3/6 - 3*l**2. List the prime factors of c(-1).
7
Let a(x) = x**3 + 9*x**2 + 8*x + 2. Let r be a(-8). Suppose -3*p - r*p = -145. What are the prime factors of p?
29
Let i = 3 - 0. Suppose 4*t = -i + 23. What are the prime factors of (t/2)/((-1)/(-2))?
5
Suppose -2*x - 5*x + 539 = 0. What are the prime factors of x?
7, 11
Let r = -445 + 125. Let l = r + 208. List the prime factors of 7/21 - l/6.
19
Let l(i) = -i**2 + 3*i - 3. Let a be l(3). Let k = 7 - a. List the prime factors of k.
2, 5
Suppose -4*h + 6 = -38. Suppose 0 = -2*d + h + 23. What are the prime factors of d?
17
Let j = 33 + 68. List the prime factors of j.
101
Let t(k) = -5*k - 16. What are the prime factors of t(-13)?
7
Suppose 0 = -3*d + 41 + 64. What are the prime factors of d?
5, 7
Let m(f) = f**2 + f - 6. Let k be m(6). Suppose 3*o = -3*p + k, -4*p + 15 = 2*o - 5. What are the prime factors of o?
2, 7
Let y be 38/8 + 8/32. Suppose 12 = 3*k, -y*k + 25 + 9 = l. What are the prime factors of l?
2, 7
Let z be (7 - (-5 - -3))*1. Let k = z - 7. What are the prime factors of k?
2
Suppose 0 = 4*d - 2*d - 4. Suppose -g - y = -d*y - 8, -3*g + 5*y + 26 = 0. What are the prime factors of g?
7
Let f(n) = -n - 2. Suppose -3*v - 14 = 1. Let c be f(v). Suppose -4 - 6 = 5*z + 4*p, z + p = -c. What are the prime factors of z?
2
Let h(s) = -s**2 + 27*s - 34. What are the prime factors of h(24)?
2, 19
Suppose 20 = 3*v + v. Suppose -38 = 4*q - v*j - 89, 2*q = -5*j + 33. What are the prime factors of q?
2, 7
Suppose -3*o + 3*c - 3 = 0, o - 3*c + 6 + 1 = 0. List the prime factors of o + 1 - (-80)/10.
11
Suppose -70 + 29 = -g. What are the prime factors of g?
41
Let w(v) = 7*v**3 - 7*v**2 - 3*v + 7. Let z(q) = -13*q**3 + 13*q**2 + 5*q - 13. Let u(d) = 11*w(d) + 6*z(d). What are the prime factors of u(-2)?
17
Let y(z) be the second derivative of -z**6/180 + z**4/6 + 3*z. Let q(u) be the third derivative of y(u). List the prime factors of q(-2).
2
Suppose -2*b = -3*b + 139. What are the prime factors of b?
139
Suppose -150 = 6*b - 8*b. List the prime factors of b.
3, 5
Let p(f) be the third derivative of -f**4/24 + 3*f**3 - 8*f**2. What are the prime factors of p(-7)?
5
Let f(i) = i**2 - i - 4. Let a be f(3). Suppose -a*k - 20 = -6*k. What are the prime factors of k?
5
Let d = -1 + 0. Let r = 3 + d. Suppose -m - r*m + 21 = 0. List the prime factors of m.
7
Let v = 0 + 2. Suppose 0 = 2*i + v*i + 100. List the prime factors of (-44)/(-10) - (-10)/i.
2
What are the prime factors of (268/28 - -1)*7?
2, 37
Let m(y) be the second derivative of y**4/12 + y**3 + 5*y**2/2 - 2*y. Let b be m(-6). Suppose -3*i + 2*i + 22 = b*p, 3*p = 3. List the prime factors of i.
17
Suppose l - 4*z - 282 = -2*l, 4*l + 4*z = 376. List the prime factors of l.
2, 47
Let r(k) = 3*k**3 - 4*k**2 - 26*k + 9. Let x(g) = -g**3 + g**2 + 9*g - 3. Let p(b) = -3*r(b) - 8*x(b). Let n be p(4). List the prime factors of 288/n + 2/7.
2, 7
Let t = 230 - 138. List the prime factors of t.
2, 23
Let x be ((-2)/(-6))/((-5)/(-60)). Suppose -2*j = -3*u - 2*u + 22, -4*j = 2*u - x. List the prime factors of u.
2
Suppose 5*k = -4*x + 230, 5*k - 5*x - 275 = -0*k. What are the prime factors of k?
2, 5
Suppose -3*x = 3 + 3. Let t = -2 - x. List the prime factors of 1 + t + (-10)/(-2).
2, 3
List the prime factors of (-80)/(-6) - 2/(-3).
2, 7
Suppose -107 = -4*p + 177. Suppose -r + 7*m - 16 = 4*m, -5*m + p = -4*r. Let y = r + 33. List the prime factors of y.
2, 7
Suppose -p = 3*w + 27, 0 = -5*w + w + 3*p - 49. List the prime factors of w/(-35) - (-47)/7.
7
Suppose 0*v + v - 3 = 0. Suppose v*b - 45 = -2*b. What are the prime factors of b?
3
Let b(a) be the first derivative of -a**2/2 + 3. What are the prime factors of b(-6)?
2, 3
Suppose -c + 22 = -12. What are the prime factors of c?
2, 17
Let u(x) = -x**3 - x**2 - 2*x - 3. Let d = 6 - 10. Let z = d + 2. What are the prime factors of u(z)?
5
Let s be 4/8 - (-2)/(-4). Suppose 0 = -5*x, -p + 2*x = -s*p - 20. Suppose 5*u - u - 4*o - 52 = 0, -5*u = 4*o - p. What are the prime factors of u?
2
Suppose -3*l + 624 = 3*a + a, 0 = -a - 2*l + 161. What are the prime factors of a?
3, 17
Let f(h) = -5*h - 1. List the prime factors of f(-4).
19
Suppose -4*n + 20 = -152. What are the prime factors of n?
43
Let w(g) = -6*g**2 - 2 + 2*g**2 + g**2 - g**3 - 2*g. Suppose 3 = -2*b + b. List the prime factors of w(b).
2
Let q = 45 + -37. List the prime factors of q.
2
Suppose 6*i - i - 20 = 0. Let l(w) = -w**3 + 10*w**2 - 10*w + 8. Let h be l(9). Let s = i - h. What are the prime factors of s?
5
Suppose -2*y - y = -3. Suppose -y = -3*w + 5. Suppose 6*p = w*p + 52. List the prime factors of p.
13
Let l be 8*(4/(-1))/2. Let b = -68 + 39. Let n = l - b. List the prime factors of n.
13
Let p(n) = 4*n**2 - 2*n + 17. List the prime factors of p(6).
149
Suppose 17 = d + m + 2*m, -4*m = 5*d - 140. List the prime factors of d.
2
Suppose -5*n + 26 = -4. List the prime factors of n.
2, 3
Let b = -7 + 12. Suppose -5*r = -b*p - 7 + 2, 3*p - 15 = -3*r. What are the prime factors of 34/4 + 1/p?
3
Suppose -2*q = o + o + 4, -5*q = -3*o - 22. What are the prime factors of 29 - (2 + (-1 - q))?
2, 3, 5
Let a(h) = -h**3 - 6*h**2 - 2*h - 8. Let l be a(-6). Suppose l*v - 110 = -v. List the prime factors of v.
2, 11
Let b = 6 - -9. Let o = -6 + b. What are the prime factors of o?
3
Let c be (-8)/(-2)*(-9 + 7). What are the prime factors of (-27)/36 + (-38)/c?
2
Suppose 0 = 5*s + j - 35, -s + 4*j + 10 = 3. Let y = s - 2. What are the prime factors of y?
5
Let l be 45/2 - (-4)/8. Let f = l + -10. List the prime factors of f.
13
Let n(t) = 9*t - 3 - 5*t + 5. List the prime factors of n(3).
2, 7
Let t = 4 - 5. Let w be (1 + t)*1 - 0. Suppose w = -v + 2*v - 3*n - 3, -2*n = 5*v - 66. What are the prime factors of v?
2, 3
Let g = -2 + 4. Suppose t + 95 = 6*t - 5*l, -2*l + g = 0. What are the prime factors of t?
2, 5
Suppose -467 = -5*n + w, -5*n - 6*w + 485 = -w. List the prime factors of n.
2, 47
Let g(k) = -k**2. Let h(s) = -3*s**2 - 1. Let n(d) = -6*g(d) + h(d). Let b = -2 + 3. List the prime factors of n(b).
2
Let r(i) = i**2 - 8*i - 1. Let a be r(10). Suppose -3*f = -4*f + a. What are the prime factors of f?
19
Let i(m) be the third derivative of m**6/120 + 3*m**5/20 + m**3/2 - 2*m**2. What are the prime factors of i(-9)?
3
Let s = 66 + 26. What are the prime factors of s?
2, 23
Let p(n) = -n**2 + 6*n + 6. Let w be p(6). Let a = -1 + w. List the prime factors of a.
5
Let w be ((-14)/(-4))/(-7)*2. Let p(a) = -19*a**3 - a**2 - a. List the prime factors of p(w).
19
Let u = 7 - 10. Let c be (u + 2 + -1)*1. Let j = 2 - c. List the prime factors of j.
2
Let j(y) = 3*y + 7. What are the prime factors of j(6)?
5
Suppose 3*m - 3 = 0, 4*l + 4 = 3*l - 5*m. Let i(p) = -3*p**2 + 3*p + 1. Let b be i(3). Let t = l - b. What are the prime factors of t?
2
L